+ 6222*n. Determine p(-12).
7
Let s(i) = -3 - 2*i - 4*i + i**2 + 7. Suppose 20*v - 24 = 33*v - 102. Determine s(v).
4
Let m(f) = 17*f**2 - 17*f + 10*f**2 - 3 + 6*f**3 - 5*f**3 - 23*f**2. Determine m(-7).
-31
Let j(c) = 21*c - 50*c + 22*c + 17*c - 25. Let a(s) = 3*s - 7. Let o(q) = -14*a(q) + 4*j(q). Determine o(-2).
2
Let z(a) = 6162*a**2 - 12*a - 44 - 12373*a**2 + 6210*a**2. Give z(-10).
-24
Let i(w) be the third derivative of 37*w**4/24 + w**3/3 + 3226*w**2. What is i(-2)?
-72
Let j(i) = 0*i + 3*i - i**3 + 1 - 4*i**2 - i. Suppose 11*x - 59*x - 192 = 0. Determine j(x).
-7
Let g(p) be the first derivative of -p**2/2 - 28*p + 2569. What is g(-19)?
-9
Let t(k) = 352*k + 20422. Let l be t(-58). Let x(i) = 3*i**2 + 6*i - 2. Let o(w) = -2*w**2 - 6*w + 1. Let g(q) = -4*o(q) - 3*x(q). What is g(l)?
2
Suppose 55*l + 240 = 79*l. Let b(h) = -h**3 + 10*h**2 - 8*h + 8. Calculate b(l).
-72
Let y(g) = -2*g**2 - g - 1. Suppose o = 2*o - 59. Let c = o - 61. Give y(c).
-7
Suppose 0 = -m + 5*f - 1 + 3, -2*m = f - 4. Let x be (m - 0) + 12 + -33. Let n be x/(-19) + 12/(-2). Let b(u) = u**2 + 9*u + 5. Determine b(n).
-15
Let o be (-11)/(55/10) - -58. Suppose 60*d = o*d + 60. Let r(j) = -j**3 + 16*j**2 - 15*j - 1. Determine r(d).
-1
Let c(g) = -4*g**2 - g - 23. Let y = -17171 + 17176. Give c(y).
-128
Let n(o) = 42*o**3 + 2*o**2 - o. Let c be n(1). Let a = -379 + 340. Let t = c + a. Let w(h) = 2*h + 3. Determine w(t).
11
Let s(b) = 33*b**2 - 2*b**3 - 777*b + 419*b + 376*b + 11. Determine s(17).
28
Let v(f) = -f**3 + 8*f**2 + 23*f - 190. Let w be v(7). Let k(h) = h**3 - 21*h**2 + 21*h - 7. What is k(w)?
13
Suppose 0*s = -2*s - 4*o - 28, -5*o = 5*s + 65. Let z be -1 - (-6 + (0 - s)). Let a(m) = m - 4. Determine a(z).
-11
Suppose -h - 34*t + 11 = -38*t, -5*t = h - 38. Let b(d) = -20*d + 456. Give b(h).
-4
Let p(s) be the first derivative of -s**4/4 - 5*s**3/3 + s**2 - 7*s + 1. Suppose 0 = -18*d + 13*d - 25. Let y be (-4 + -1 - -6)*d. Give p(y).
-17
Let f(w) = -w**3 + 10*w**2 + w + 20. Let z be f(10). Let a(i) = -i + 16 - z + 21. Calculate a(7).
0
Let y(z) = 160 - 14*z - 17*z - 142 + 30*z. What is y(-8)?
26
Let n(r) = -7*r**2 - 30*r - 29. Let y be 6/14 - 870/609. Determine n(y).
-6
Let h be (0 + (-4)/10)*-10. Suppose -h*b + 20 = 52. Let s(g) = 109*g**2 - 9*g - 11 + 205*g**2 - 529*g**2 + 214*g**2. Calculate s(b).
-3
Let h(t) be the first derivative of t**3/3 + 9*t - 3. Let a(j) = -11*j**3 - 4*j**2 - 3*j - 4. Let o be a(-2). Let q = o - 74. Give h(q).
9
Let r(y) = 8 + 35*y + 34 - 54 - y**2 - 23*y. Suppose -23 + 7 = -2*f. Give r(f).
20
Let i(a) = a**2 + 4*a - 4. Let p be 954/90 - 6/10. Let r be (-4 + (-11)/(-2))*p/(-3). Calculate i(r).
1
Let v = -9617 - -9629. Let s(y) = -4*y + 16. Calculate s(v).
-32
Suppose -6 = -4*a + 6. Let m be 32/10 + 5/(-25). Let y(z) = a - m + 6 - 1 - 3*z. Calculate y(5).
-10
Let l(u) = 492*u + 1478. Let b be l(-3). Let d(i) = -i**3 - 3*i + 2. What is d(b)?
-12
Let o(p) = -3*p**2 - 7*p - 4. Let d be o(-2). Let i(m) = -7*m**3 - m**2 - 5*m - 2. Let r(u) = 6*u**3 + u**2 + 4*u + 2. Let f(z) = 4*i(z) + 5*r(z). Give f(d).
-10
Suppose 639*f - 643*f - 2*t + 46 = 0, -3*t = -f + 36. Let j(q) = 14*q - 42. Give j(f).
168
Let f(p) = -50 + 97 - 49 - 19*p - 2*p**2 + 0*p. Calculate f(-9).
7
Suppose 0 = 5*m - 3*o + 24, 35*m - 5*o - 4 = 34*m. Let q(c) = 4*c + 18. What is q(m)?
-6
Suppose 15 = 3*p, -3*v = -0*v + 4*p - 71. Let g(k) = -k**3 + 18*k - 6 + 2 - v*k + 3*k**2 + k**2. Give g(3).
8
Let t(p) = p + 56. Let b be t(-23). Suppose b = 4*l - 11. Let x(d) = d**2 - 11*d + 9. Determine x(l).
9
Let o(z) be the third derivative of 1/12*z**5 + 0 + 5/24*z**4 + 1/120*z**6 - z**2 + 0*z + 1/6*z**3. Suppose 20 = 2*i - 4*t, -5*t + 294 - 345 = 4*i. Give o(i).
-3
Let v(h) = 86*h - 78. Let f(p) = 17*p - 15. Let g(a) = -16*f(a) + 3*v(a). Calculate g(-4).
62
Let s = -7679/3 - -2560. Let q(h) be the third derivative of -1/30*h**5 + 0 + 1/120*h**6 + 0*h + 23*h**2 - 1/24*h**4 - s*h**3. Determine q(2).
-4
Let r(t) = -3*t**3 + t + 1. Let k be -4 - (1 - 32/4). Suppose -4*j + 2*h = -k*j + 3, -5*j = -2*h + 7. Determine r(j).
3
Let w = -191 + 62. Let d = 119 + w. Let q be 44/d - 6/(-15). Let m(k) = k**3 + 4*k**2 + 4*k - 3. Calculate m(q).
-19
Let a(n) = 2*n - 6. Let q(u) = u - 3. Let p(f) = -3*a(f) + 5*q(f). Let m be 4 + -10 + -5 + 39. Suppose z - 33 = -m. Give p(z).
-2
Suppose -2*u - 4*h + 16 = 0, -22 = -4*u - 2*h - 2. Let r = 8313 + -8311. Suppose -t + 1 = -r*g, u*t = t + 9. Let f(n) = 5*n**3 + n. Determine f(g).
6
Suppose 71 = -5*p + 96. Let d be (3 - 4)/(p/(-65)). Let w(v) = 5*v**2 + d*v**2 + 9*v**2 + 1 - 11*v**2 + 2*v. What is w(-1)?
15
Let p(d) = 19*d + 350. Let w be p(-18). Let c(y) = 7*y**3 - 8*y**2 - 3*y - 5. Let k(n) = -6*n**3 + 8*n**2 + 2*n + 6. Let j(a) = -5*c(a) - 6*k(a). What is j(w)?
13
Let r(y) = -5*y - 53. Let d be r(-11). Let h(g) = -2*g - 4*g**2 - d*g + 856 + g**3 - g - 848. What is h(5)?
8
Let m(w) = w**3 + w**2 - w. Let k(h) = -11*h**3 - 17*h**2 + 12*h - 2. Let u(p) = -k(p) - 12*m(p). Let v be 0*(-2)/(-6) + 5. What is u(v)?
2
Let q(s) = -91 - 77 - 68 - 7*s + 208. Calculate q(-5).
7
Suppose 26*t - 38 = 11*t + 7. Let q(m) be the third derivative of -28*m**2 + 1/24*m**4 + 1/3*m**t + 0*m + 0. Determine q(6).
8
Suppose j + 10 = 2*k + k, 16 = 4*k. Let l(r) = 87*r + r**j - 180*r + 88*r - 7. Let s(u) = -u**3 - 8*u**2 - 9*u - 9. Let n be s(-7). Give l(n).
-7
Let x(j) = 23 + j**3 - 2 + 71*j**2 + 20 + 4*j - 14*j - 59*j**2. Determine x(-13).
2
Let z(p) = -5*p. Let q = 8 - 6. Suppose q*o - 4 = -f + 2*f, 8 = 2*f. Let w be (-6 + o)*(-2)/2. Determine z(w).
-10
Let g(v) = 4*v**2 - 54*v - 23. Let p be g(14). Suppose 0*f - f + 2*q = 19, -70 = p*f - 5*q. Let n(h) = -h**3 - 8*h**2 + 9*h + 3. Calculate n(f).
3
Let d(i) = i**3 - 3*i**2 - 1. Suppose 0 = 4*z + 16*g - 13*g, 0 = 4*z - 5*g - 32. Suppose 4 = -2*y - 3*c + 7*c, z*y + 4*c = 14. Calculate d(y).
-5
Suppose -50*t + 53*t = 15. Suppose -39 = -t*r + 1. Let a(k) = 2*k - 27. Determine a(r).
-11
Let h(z) be the third derivative of -z**5/20 - 11*z**4/24 + 5*z**3/6 - 5007*z**2. What is h(-4)?
1
Let p(w) = -7*w**2 - 17 + 21*w**2 - 5 - 12*w**2 - 3*w**2 - 13*w. Determine p(-3).
8
Let a(w) = 3*w - 51. Let i be a(18). Let g(s) = 17*s**i + 9*s**2 - s**2 + 2 + 21*s**3 - 39*s**3 - 6*s. Calculate g(7).
9
Let g(z) be the first derivative of z**3/3 - 11*z**2/2 + 13*z + 2457. What is g(8)?
-11
Suppose 8*a + 29 + 36 - 81 = 0. Let x(u) be the first derivative of -u**3/3 + u**2 - 3*u + 1. Give x(a).
-3
Suppose 53 = 6*f + 71. Let k(x) be the third derivative of -x**5/60 - x**4/6 - x**3/6 + 2*x**2. Calculate k(f).
2
Suppose 18 = -c - 5*n, -5*c = -4*n - 53 + 27. Let g(o) = 3*o**3 + 3*o**2 - 3*o + 2. Give g(c).
32
Let n(l) be the third derivative of -l**4/3 - l**3/6 + 15*l**2 - 49. Determine n(10).
-81
Let s(k) = -k**2 - 7*k - 31. Let m(v) = -v**2 + 4*v + 16. Let a(i) = 5*m(i) + 3*s(i). Let g(l) = -13*l**2 - 3*l - 25. Let t(f) = -5*a(f) + 3*g(f). Give t(5).
-5
Suppose -20*z + 23*z - 6 = 0. Let m(y) = 3*y - 3*y + 0*y**z - y - y**2. Let x(v) = 7*v**2 - 1. Let s(p) = -6*m(p) - x(p). Determine s(6).
1
Let c(a) = -18*a + 41 + 0*a**2 + 10*a**2 - 2*a**2 - 7*a**2. What is c(3)?
-4
Suppose -3*u + 2 = -r, -5*r + 3*u = u - 29. Let q(b) = 12 - 40 + r + b**2 - 2*b + 18. Determine q(-3).
12
Let v be (-1944)/(-120) - 2/10. Let h be 1*7/((-28)/v). Let i(k) = -4*k - 3*k**3 + 2*k - 2*k**2 + 4 - 4*k**3 + 6*k**3 + 8*k. Give i(h).
12
Let f be (-1 - -433)/(14 - 8 - 5). Let m(x) = f*x - 213*x - 220*x. Determine m(-4).
4
Let i(t) be the first derivative of -t**3/3 + 8*t**2 - 17*t - 5718. Let s = -10 + 25. Give i(s).
-2
Let t(w) = w**2 + 2*w + 8. Let h(j) = -j**2 + j - 4. Let n(s) = -5*h(s) - 3*t(s). Determine n(6).
2
Let k(g) = 55*g + 265. Let a(v) = 64*v + 265. Let c(l) = 2*a(l) - 3*k(l). What is c(-7)?
-6
Let h(c) = -3*c + 1. Let x(k) = -k - 5. Let u be x(-7). Let n be h(u). Let v(j) = -3*j + 3. Let z(a) = -5*a + 5. Let o(r) = -8*v(r) + 5*z(r). Calculate o(n).
6
Let g(s) = -s**3 - 13*s**2 + 28*s + 11. Let r be ((-180)/(-42))/((-130)/455). What is g(r)?
41
Let b(t) = 4*t**2 + 29*t - 7. Let u(k) = 5*k**2 + 31*k - 13. Let f(n) = -6*b(n) + 5*u(n). Give f(17).
-57
Let j be 57/(-4)*2/6 + (-9837)/(-13116). Let z(g) = -g**2 + g + 4. Calculate z(j).
-16
Let l(y) = -y**3 + 16*y**2 + 21*y + 29